 5*d - a*c - 32. What is the remainder when 7 is divided by d?
3
Let n be (5 - -1) + -1 + 3. Let a = n - -6. Calculate the remainder when 39 is divided by a.
11
Let l be -1 + 1*(4 + 1). Suppose 0*k - l*s = -k + 4, -2*s + 4 = k. Suppose k*n + 0*n = 8. What is the remainder when 4 is divided by n?
0
Let d = -3 - 0. Let p(m) = -14*m**2 - 6*m + 10. Let n(h) = 5*h**2 + 2*h - 3. Let l(w) = 7*n(w) + 2*p(w). What is the remainder when l(d) is divided by 19?
18
Let c(a) = -156*a - 3. Let w be c(-5). Let d = 18 - 5. What is the remainder when 2*1*w/42 is divided by d?
11
Let r = -4 + 6. What is the remainder when 14 + (r - 1)*0 is divided by 48/(-12)*5/(-4)?
4
Let l(v) = -v**2 - 5*v - 1. Calculate the remainder when 14 is divided by l(-3).
4
Suppose 4*t - 51 = 5. Calculate the remainder when (8 + 3)/((-3)/(-15)) is divided by t.
13
Suppose 74 = -2*n + 22. Let o = n - -42. Calculate the remainder when 60 is divided by o.
12
Let x = 6 + -8. Let a = 0 + x. Let k(u) = -2*u. Calculate the remainder when 10 is divided by k(a).
2
Let d(r) = 5*r**2 + 5*r - 2. Calculate the remainder when 52 is divided by d(2).
24
Suppose 5*i + 1291 = f, i + 0*i - 2*f = -260. Let b = i - -158. Calculate the remainder when 1/(-4) + b/(-16) is divided by 4.
2
Suppose 2*b = 2*l + 10, -5 - 1 = 3*b + 4*l. Let c(j) = 2 - 3*j + 5*j - j - 4*j + 2*j**2. What is the remainder when c(2) is divided by b?
0
Suppose -5*t = -c + 2, 3*c - 2*t - 42 = t. Suppose 0 = -l + 2*w - 5 + c, 5*l + 5*w = 0. Let y(h) = h - 4. What is the remainder when l is divided by y(6)?
0
Let t(g) = -g**2 - 11*g + 3. Calculate the remainder when t(-8) is divided by 7.
6
Let p = 63 + -36. Let y = -15 + 29. What is the remainder when p is divided by y?
13
Suppose 0*f + 85 = 3*f + g, 89 = 3*f + 2*g. What is the remainder when f is divided by 10?
7
Let y(s) = -s**3 + 3*s**2 + 4*s - 1. Let h = 12 - -2. Suppose -2*q - 62 = -4*w, 3*w - h = 5*q + 43. Calculate the remainder when y(-3) is divided by w.
13
Let q = 7 - 6. Let m(r) = -2*r - 5*r + 38*r + 12*r. Calculate the remainder when m(q) is divided by 11.
10
Let s be 12/(-3)*(-1 - 1). Suppose 3*g + s = 38. What is the remainder when 9 is divided by -2 + 2 - g/(-2)?
4
Suppose 6*u - 100 = 20. Calculate the remainder when 78 is divided by u.
18
Suppose 11 = -3*n + 86. What is the remainder when n is divided by 0 + 0 + 13/1?
12
Suppose -4*r + 103 = 19. Calculate the remainder when 83 is divided by r.
20
Suppose -t - 12 = -2*k + t, -5*t = -2*k + 18. Let h be 2 + k/(-2)*-20. Let x = h - 17. Calculate the remainder when x is divided by 13.
12
Let n(f) = 2*f**2 - 4. What is the remainder when 15 is divided by n(2)?
3
Let z(l) = 2*l**3 + l**2 + l - 5. What is the remainder when 96 is divided by z(2)?
11
Let v(f) = -f. Let o(d) = d**2 - 15*d + 63. What is the remainder when o(10) is divided by v(-5)?
3
Let j(o) = -2*o - 3. Let f = 0 - 10. What is the remainder when j(-4) is divided by (12/f)/((-4)/10)?
2
Let n(t) = 2*t + 61. Calculate the remainder when n(0) is divided by 16.
13
Let a(b) = b + 1. Let o be a(4). Suppose -w = 4*w - 4*q - 29, -4*w + o*q = -16. What is the remainder when 24 is divided by w?
6
Let m(t) = t + 7. What is the remainder when 12 is divided by m(0)?
5
Suppose q - 2 = 2*q, 5*v = q + 287. Calculate the remainder when v is divided by 15.
12
Let x(c) = c**3 + 5*c**2 + 3*c - 3. Let l be (-1)/(0 + -1 + 0). Let y = 0 + l. What is the remainder when x(-4) is divided by y?
0
Suppose -3*c = -2 - 19. Let i(r) = r**2 - 5*r - 6. Calculate the remainder when 23 is divided by i(c).
7
Suppose 4*n - 10 = 6. Suppose n*b = 5*b - 3. What is the remainder when b is divided by (-2 + 2)*1 - -2?
1
Suppose -6 + 34 = 4*n. Suppose -3*f + 2*b = 17, -2*b - 2 = -4*b. Let t = -1 - f. Calculate the remainder when n is divided by t.
3
Suppose 2*d - 13*d = -165. Suppose -2*m = 4*f - 0*f + 8, -4 = 4*f. Calculate the remainder when 2/4 - 83/m is divided by d.
12
Let n = -1 - -18. What is the remainder when 66 is divided by n?
15
Suppose 0 = 5*v + n - 58, -2*v - 11 + 42 = 3*n. Let l(r) = -6*r + 19. What is the remainder when l(-4) is divided by v?
10
Let b be 22*2/(4/1). Suppose -u + b + 2 = 0. Calculate the remainder when 51/34*(-48)/(-2) is divided by u.
10
What is the remainder when 202 is divided by 1*16 - (-17 - -16)?
15
Let j(a) = a + 13. Let n(g) = -2*g - 25. Let o(u) = -11*j(u) - 6*n(u). Let k be o(5). Let c = k + 2. Calculate the remainder when 40 is divided by c.
12
Calculate the remainder when 40 is divided by (-1*(-1)/3)/(53/477).
1
Let r be (-2 - (3 - 2)) + 3. Suppose 2*c - 2 + 0 = r, -5*f = -5*c - 40. What is the remainder when 15 is divided by f?
6
Let d = -73 + 103. Let n be 12/d + (-68)/(-5). Let c = n + 7. Calculate the remainder when c is divided by 6.
3
Suppose f + 11 = 3*g, 3*g = -5*f + 1 + 16. Calculate the remainder when 4 is divided by g.
0
Let j(x) = -x**3 + 6*x**2 - 4*x - 3. Calculate the remainder when 37 is divided by j(4).
11
Let a(y) = -15*y - 1. Calculate the remainder when a(-1) is divided by 5.
4
Let w = -27 + 35. Calculate the remainder when ((-29)/4)/((-2)/8) is divided by w.
5
Suppose 43 - 11 = -4*c. What is the remainder when 29 is divided by (3/4)/(c/(-160))?
14
Let q = -3 - -5. Suppose w + q*w - 27 = 0. Calculate the remainder when w is divided by 6.
3
Let l(y) = -5*y - 16. Let m(u) = u**3 + 6*u**2 + 7*u + 3. Let n be m(-5). Calculate the remainder when l(n) is divided by 11.
8
Suppose 3*v - 10 = 4*h, 0*v + 5*h = 2*v - 9. Suppose -3*a + 26 = v*d - 0*a, -2*a = 5*d - 43. Calculate the remainder when d is divided by 4.
3
Suppose -o - o + 10 = 0. What is the remainder when (-6)/(-51) - 472/(-34) is divided by o?
4
Let l(k) = 3*k. Let x be -5 + 5/((-15)/(-6)). Let g be (x/9)/((-2)/30). What is the remainder when l(g) is divided by 6?
3
Let m(p) be the third derivative of -17*p**4/24 - p**3/6 + 2*p**2. Calculate the remainder when m(-2) is divided by 17.
16
Let i be 1/((-345)/(-171) + -2). Let r = 139 - i. Calculate the remainder when r is divided by 21.
19
Suppose -74 = -2*q + w + 2*w, -171 = -5*q + 4*w. Suppose 0 = -n - 4*b + 105, -2*n - q + 274 = -3*b. What is the remainder when n is divided by 24?
21
Suppose q = 3*w + w - 18, 5*q = -4*w + 6. Calculate the remainder when 15 is divided by w.
3
Suppose 0 = 5*b - 4*b - 19. Suppose -3*c - c + 3*p + 152 = 0, 2*p = 3*c - 113. What is the remainder when c is divided by b?
16
Calculate the remainder when 12 is divided by (-5 - -6) + (-2 - -8).
5
Calculate the remainder when 40 is divided by 9 - ((-4 - -4) + 2).
5
Suppose 7*o + 56 - 294 = 0. What is the remainder when o is divided by 7?
6
Let l(h) = -h + 2. Let w be l(-5). Let p(b) = b**3 - 7*b**2 + 2*b - 3. What is the remainder when 20 is divided by p(w)?
9
Let a be (-2)/(-6)*(4 + -7). What is the remainder when 35 + (1 + 0)*a is divided by 12?
10
Suppose 10 = -4*p + 5*r - 9, -29 = 5*p - r. What is the remainder when p*(-1)/2*1 is divided by 2?
1
Suppose -60 = 4*i - 0. What is the remainder when 68 is divided by (-10)/i*138/4?
22
Let v = 120 + -102. What is the remainder when 26 is divided by v?
8
Let c(l) = l**3 - 7*l**2 - l + 10. Let r be c(7). Suppose -x + r*x - 6 = 0. Calculate the remainder when 5 is divided by x.
2
Let d = -17 + 31. What is the remainder when 25 is divided by d?
11
Let h = -118 + 141. What is the remainder when h is divided by 6?
5
Suppose -7*i + 5*i + 140 = 0. What is the remainder when i is divided by 12?
10
Let p = -111 + 64. Let l = p + 74. Calculate the remainder when l is divided by 14.
13
Let c(a) = a**2 + 6*a + 20. What is the remainder when c(-4) is divided by 4?
0
Suppose 9*p = 7*p + 92. Let q = 22 + -6. Calculate the remainder when p is divided by q.
14
Suppose 0 = -3*o - 2*i + 45, 54 = o + 2*o + 5*i. What is the remainder when 50 is divided by o?
11
Suppose 4*s - 72 = -0*z + 4*z, -s = 5*z - 36. What is the remainder when s is divided by 8?
5
What is the remainder when 140/6 + 2/3 is divided by 14?
10
Suppose 9*x - 1364 + 311 = 0. Calculate the remainder when x is divided by 30.
27
Suppose 5*a - 5 = 0, 5*a = -6*r + r + 45. What is the remainder when 53 is divided by r?
5
Let c = 145 - 39. Calculate the remainder when c is divided by 16.
10
Suppose i = 6*i. Suppose i = 5*y - 5, -3*y - 2*y - 47 = -4*o. Suppose -37 = -5*k + o. What is 